 2*x + 540, -4*o + 534 = h*x - 8*x. List the prime factors of o.
2, 67
Let b(d) be the first derivative of 33*d**2 - d - 15. Let r be b(1). Suppose -i + 21 = -4*m - 14, -2*i + 3*m + r = 0. What are the prime factors of i?
31
Let f(x) = 21*x - 11. Let i be f(-5). Let o = 24 - i. List the prime factors of o.
2, 5, 7
Suppose 71*y + 18251 = 93511. What are the prime factors of y?
2, 5, 53
Let n be (-5 - -2 - -2)*1. Let z(j) = 67*j**2 + j. Let s be z(n). List the prime factors of -2 + s/24 + 825/4.
3, 23
Let o = 1154 - 174. List the prime factors of o.
2, 5, 7
Let r be (-4)/(4/(-5))*1. Suppose 4*n - 3 - r = 0. Suppose -2*v - n*v + 56 = 0. What are the prime factors of v?
2, 7
Suppose 0*l + 3*b = 5*l + 9, -7 = 5*l - 4*b. Let m be 1 - ((-3 - l) + 1). Let w(g) = -g + 42. List the prime factors of w(m).
2, 3, 7
List the prime factors of (246/8)/(1045/260 - 4).
3, 13, 41
Let q = -11645 - -19715. List the prime factors of q.
2, 3, 5, 269
Let i = -77 - -111. Suppose -i*w = g - 31*w - 557, 3*g - 1691 = -4*w. List the prime factors of g.
569
Let m = 955 + -945. Let v(q) = -9*q**2 - 7*q - 1 + 2*q**3 + 0 - q**3. What are the prime factors of v(m)?
29
Suppose 13*u - 14*u + 17672 - 4137 = 0. List the prime factors of u.
5, 2707
Let f be ((-72)/(-60))/(12/(-44360)). Let c = -2829 - f. List the prime factors of c.
1607
Let p = -1215 - -1221. Let x be (2 - 2)*(3 - 2). Suppose x = 5*s - v - 540, s - 129 = 2*v - p*v. What are the prime factors of s?
109
Suppose -5*k = -2*p - 86765 - 50612, -2*k - 4*p + 54946 = 0. What are the prime factors of k?
5, 7, 157
What are the prime factors of 2*(-287038)/(-12) + (45 - (-8576)/(-192))?
2, 5, 13, 23
Let z = -35833 - -59534. List the prime factors of z.
137, 173
Let l(n) = -21619*n - 34. What are the prime factors of l(-3)?
11, 71, 83
Let m(s) = -21*s - 30. Suppose 0 = -20*a + 16*a - 48. Let r be m(a). What are the prime factors of 15/10 + r/4?
3, 19
Suppose -16*i + 49*i - 383220 = -3*i. List the prime factors of i.
5, 2129
Let j be (-3*52/(-18))/(46/40641). Suppose -5*q = -3178 - j. Suppose 0 = 12*o - q + 103. List the prime factors of o.
2, 43
Let q be -2 + (-1)/2*-4. Suppose q*k - 3*k + 3*d = -9, 0 = 2*k + 2*d - 2. Suppose p = 2*v + k*p - 41, 3*v - 94 = 5*p. List the prime factors of v.
23
Let w(n) = -n**2 - 19*n + 194. Let v be w(-26). Let t(u) be the first derivative of -u**4/4 + 13*u**3/3 - u**2 - 25*u - 1. What are the prime factors of t(v)?
5, 19
Suppose -1246 = -5*z - 346. Suppose 5*o = 10*o + z. Let d = -24 - o. What are the prime factors of d?
2, 3
Let v(l) = 57*l**2 - 2*l + 7. Let b(a) = -a**3 + 5*a**2 + 6*a + 2. Let w be b(6). List the prime factors of v(w).
3, 7, 11
Let x = 3398 + -1622. Suppose -251*m + x = -247*m. List the prime factors of m.
2, 3, 37
Let t = -183 + 257. Let a = t + -71. Suppose a*u = u + 532. What are the prime factors of u?
2, 7, 19
Let p = -460 - -1366. Suppose -3*f + p = 4*j - j, 5*j - f = 1480. List the prime factors of j.
3, 11
Let r = -496 + 4700. List the prime factors of r.
2, 1051
Let m = -12 - -5. Let j(v) be the third derivative of v**5/15 + v**4/4 - 5*v**3/2 + 12*v**2 - 3*v. What are the prime factors of j(m)?
139
Let o(r) = 2*r**3 + 14*r**2 - 16*r - 10. Let n be o(-8). What are the prime factors of -464*((-1)/n + (-55)/50)?
2, 29
Let v = 2616 + 5356. What are the prime factors of v?
2, 1993
Suppose -252*g + 230*g + 869281 = -100127. What are the prime factors of g?
2, 3, 17
Suppose -32*p + 28*p = 2*b - 266670, p = 3*b + 66692. What are the prime factors of p?
11, 19, 29
Suppose 20*g + 8*g = 75096. Suppose g = 12*z - 1266. List the prime factors of z.
7, 47
Suppose -137*k = -131*k - 110160. List the prime factors of k.
2, 3, 5, 17
Let s(g) = -2*g + 29. Let i be s(-6). Suppose i*l + 732 = 47*l. List the prime factors of l.
2, 61
Suppose 5*a + 0*x = 2*x + 595, 4*a - 2*x = 476. Suppose 4*u = j + 129, -9*u = -6*u - 3*j - 108. Let k = u + a. List the prime factors of k.
2, 3, 5
Suppose -4*t + 110076 = -6*t + 14*t. What are the prime factors of t?
9173
Let c(x) = -2*x**2 + 10*x + 12. Let f = 68 - 74. Let o be c(f). Let r = o + 177. List the prime factors of r.
3, 19
Let t be -3*2 - (-2133 + 19). What are the prime factors of ((-1380)/24)/(-23)*t/10?
17, 31
Let c = 80556 + -54353. What are the prime factors of c?
26203
Suppose -9*s + 8907 + 336 = 0. Let b = s + -663. List the prime factors of b.
2, 7, 13
Suppose 0 = -3*h + 12, -497*h + 5512 = 4*q - 502*h. What are the prime factors of q?
3, 461
Let q be (480/36)/(6/135). Suppose -6*a - 208 = -8*a + 2*t, q = 3*a + t. List the prime factors of a.
101
Let n(v) = -v**2 + 13*v - 25. Let t = -20 + 30. Let l be n(t). Suppose -r + 224 = -2*g + 4*g, l*r - 560 = -5*g. What are the prime factors of g?
2, 7
Let b = -312 + 176. Let z = b + 144. Suppose -4*s + 4*r = -572, s + z*r - 5*r - 131 = 0. List the prime factors of s.
2, 5, 7
Let j = 85 - 77. Suppose 37 - 5 = j*n. Suppose -760 = -n*t + 376. List the prime factors of t.
2, 71
Suppose f - z + 26 = 3*f, 0 = -z + 2. Let l be (0 - 9/f)*4. What are the prime factors of -208*(15/(-10) + l/(-4))?
2, 3, 13
Let m = -1697 - -2561. List the prime factors of m.
2, 3
Let q = 68799 + -9194. What are the prime factors of q?
5, 7, 13, 131
Let z be (-1 - (0 - 7))/((-24)/16). Let t(m) = m**2 + 8*m + 13. Let a be t(z). Let y(b) = -84*b + 10. List the prime factors of y(a).
2, 131
Suppose -9*u - 12825 = -11*u - 3*n, 0 = 5*n - 5. Suppose -u = -34*y + 1987. List the prime factors of y.
13, 19
Suppose 30 + 50 = 10*a. Suppose -5174 = -21*z + a*z. List the prime factors of z.
2, 199
Let s = 107 + -167. Let m = s - -64. Let k(b) = 2*b**3 - 2*b**2 + 5*b - 9. List the prime factors of k(m).
107
Suppose 4*p - 210 + 190 = 0. Suppose 2*b + 187 = -2*t + 911, 0 = p*t + 3*b - 1818. What are the prime factors of t?
2, 3, 61
Suppose 22*v - 25*v + 21 = 0. Suppose v = 5*y + 22. What are the prime factors of 10/10*110/(-3)*y?
2, 5, 11
Suppose -5 = j, -8059 = -3*s + 3*j + 16496. What are the prime factors of s?
2, 5, 409
Suppose -2*t + 5*z = -17661, 7*z = 14*t - 16*t + 17697. What are the prime factors of t?
2, 3, 491
Let z be ((19806/8)/(-3))/((-18)/72). Suppose -185 - z = -7*o. List the prime factors of o.
2, 3, 83
Suppose 0 = -282*s + 161*s + 4148727. List the prime factors of s.
3, 11, 1039
Suppose 0 = -5*l - 19 + 69. Suppose -3*y + l = -0*y + h, -5 = h. Suppose y*c = 273 + 2. List the prime factors of c.
5, 11
Let r = 14620 - 12748. What are the prime factors of r?
2, 3, 13
Let k(i) = 18*i**2 - 4*i - 3. Let l(h) = 2*h**2 + h - 1. Let g(u) = k(u) - 6*l(u). List the prime factors of g(8).
307
Let d = -2079 - -9443. What are the prime factors of d?
2, 7, 263
Suppose z = t + 4783, t - 21103 = -5*z + 2842. What are the prime factors of z?
2, 3, 7, 19
Let q(b) = -632 + 0*b + 630 + 16*b**2 + b. Let y be q(-4). Suppose n - 125 = -4*g, 2*n - y = -3*g + 6*g. What are the prime factors of n?
5
Let u = 315 - 711. Let l be (u/(-63))/((-2)/(-7)). What are the prime factors of (-9861)/(-209) + (1 - 26/l)?
47
Let f(m) = -23*m + 104. Let c be f(4). Suppose -63*q + 68*q - 4*o = 7503, 0 = 4*o - c. What are the prime factors of q?
3, 167
List the prime factors of (-12)/((-13)/64870*15).
2, 499
Suppose a + 146 = 2*f, f - 587 = 3*a - 139. Let k = -96 - a. What are the prime factors of k?
2, 3
List the prime factors of -3 - -2 - 1 - (13 - -84825)/(-13).
2, 7, 233
Let o(g) = -g + 54. Let r be o(-12). Let c = r + -60. List the prime factors of (-1)/(1/c*12/(-570)).
3, 5, 19
Suppose 4*l - 3*y = -5*y + 182, -l = -3*y - 42. Let g = -67 + l. List the prime factors of 108/11 + (-26)/g + -1.
2, 5
Suppose -5*w - 4931 = -5*o - 1571, 0 = -o + 3. Let u = w - -1292. List the prime factors of u.
7, 89
Suppose 15 = -4*l + p + 13, -4*l + 2 = p. Suppose l = i + 3*d - 568, 3*i + 2*i = 4*d + 2859. List the prime factors of i.
571
Let n be (-1 - -1 - 2) + 60/15. Let h = -203 + 324. Suppose n*y - 229 - h = 0. What are the prime factors of y?
5, 7
Let u(h) = 6*h + 2. Let t(o) = o**2 - 4*o + 302. Let w(y) = t(y) + u(y). Suppose 2*p = -p. What are the prime factors of w(p)?
2, 19
Suppose -5*n - 11 = -3*o, -4 = -0*o - 3*o - 2*n. Let h be 56 + o - (1 - -1). What are the prime factors of -2*3/(h/19 + -3)?
2, 3, 19
Let z = 117 + -109. What are the prime factors of 3 + 244 + z